on divisor of a and z.
31
Let a be ((-35)/(-10))/(-7)*0. Let t(q) = -3*q + 44. Let u be t(a). What is the highest common factor of 484 and u?
44
Let j = 37 + -32. Suppose j*o - 37 = -3*d + 13, o = -d + 18. What is the greatest common factor of d and 20?
20
Let y(n) be the third derivative of -n**4/6 - n**3/3 - 6*n**2. Let s be y(-5). Let p be (-13)/(-143) + 789/33. What is the greatest common divisor of p and s?
6
Let d = -2554 + 2650. Calculate the greatest common factor of 396 and d.
12
Suppose -584 = -3*h - 2*t, -22*t + 26*t + 20 = 0. Calculate the highest common factor of h and 26.
2
Let n be ((-6)/(-4) + 1140/(-24))/(-2). Suppose -2*s + 510 = b, 0 = -s + b + 105 + 144. Calculate the greatest common divisor of n and s.
23
Let r = 6 - 9. Let v be r/(6/(-38)) + 1. Suppose -w - w + 18 = a, 2 = -2*w. What is the highest common divisor of v and a?
20
Let a = 3193 - 3063. What is the highest common factor of a and 75?
5
Let d = 279 - 211. Let j = 77 - d. What is the highest common divisor of j and 54?
9
Let i(t) = 2*t**2 - 31*t + 95. Let z be i(23). Let d = z + -146. What is the highest common divisor of d and 84?
42
Let x(f) be the second derivative of -11*f**3/6 - 70*f**2 - 27*f. Let d be x(-13). What is the highest common factor of 51 and d?
3
Let q(a) = 113*a + 4384. Let b be q(-30). What is the greatest common factor of b and 266?
14
Let u = -22 + 27. Suppose -h + 35 = -m - 11, -u*h + 228 = -3*m. Suppose -16 = 5*y - 91. What is the highest common factor of y and h?
15
Let o(f) = -4*f**3 - 3*f - 11. Suppose 8 - 22 = 7*z. Let h be o(z). What is the greatest common divisor of 432 and h?
27
Let m be -68 - -107 - (-2 + 8). Suppose 20 = 4*t, 3*u + 6*t = t + 7. Let n be (34 + -1)*u/(-6). What is the greatest common factor of n and m?
33
Suppose -148500 + 1256900 = 200*l. Calculate the greatest common divisor of 34 and l.
34
Let i(l) = -2*l + 6. Let c be i(-5). Suppose -49*q = -47*q + 4*g - 200, -1250 = -16*q + 3*g. Calculate the highest common divisor of q and c.
16
Let u be (912/(-380))/((-4)/195). What is the greatest common divisor of 429 and u?
39
Let o(s) be the first derivative of 1/2*s**2 + 1/3*s**3 + 9*s - 22. Let g be o(0). Calculate the greatest common factor of 1 and g.
1
Suppose 82 = 21*i - 128. Let h be -24*(2/i)/(12/(-105)). What is the greatest common factor of h and 14?
14
Suppose -13992 = -0*n - 12*n. Suppose n = 10*v + 3626. Let r = v - -400. What is the greatest common factor of r and 22?
22
Suppose -4*k + 2*d = 6*d, 5*d + 40 = 5*k. Suppose m - k*n = 20, n - 2*n = -3. Let b(o) = 7*o + 2. Let q be b(2). What is the greatest common factor of m and q?
16
Let m be (26/5)/(1/5). Suppose 0 = -14*o + 570 + 1250. What is the greatest common divisor of m and o?
26
Let d be (-60)/45 + (-19875)/(-9). Let j = d + -1246. What is the greatest common divisor of j and 31?
31
Let v be (16/10)/(2084/1040 + -2). Calculate the greatest common divisor of 143 and v.
13
Let b(f) = -2*f**2 + 7*f - 11. Let p be b(7). Let z = p - -63. Suppose -w - z - 1 = -5*c, 3*c = 6. Calculate the highest common factor of 2 and w.
2
Let v be ((3 - 23)/4 + -3)*-102. Calculate the greatest common factor of 1768 and v.
136
Suppose -7628 = 24*i + 1132. Let c = i + 377. What is the greatest common factor of c and 324?
12
Let d = 5182 - 3243. Suppose 0 = -8*s - 83 + d. Suppose -4*p - 64 = -s. Calculate the greatest common divisor of p and 63.
21
Let h be 4/(-26) + 168/78. Suppose 0 = -h*z - 2*b + 168, 0 = 2*z - 5*b - 1 - 195. Calculate the greatest common factor of 33 and z.
11
Suppose d = 3*u - 59, 0*d - 19 = -u + d. Suppose -10*c - u = -5*c. Let z be 6/9*-15*c. What is the highest common factor of z and 5?
5
Suppose -13*f + 50*f - 25*f - 1632 = 0. What is the highest common factor of f and 442?
34
Suppose 0 = -7*b - 2172 + 583. Let l = -210 - b. What is the highest common factor of 17 and l?
17
Suppose -22*i + 690 + 454 = 0. Let l(g) = -9*g + 49. Let t be l(4). Calculate the highest common divisor of t and i.
13
Suppose -14*i - 67 = -11. Let r be -4*((-10)/(-4) + i). Calculate the highest common divisor of r and 192.
6
Let f(j) = 79*j**2 + 3. Let i be f(3). Let r(p) = -315*p**2 + 4090*p + 116. Let v be r(13). What is the highest common factor of i and v?
51
Suppose 27*p = 22*p + 2*n + 4882, -n = -4. Let f be 3 - (12/24)/((-1)/p). What is the highest common factor of 24 and f?
12
Suppose 16 = -4*k + 24. Suppose -k*u = 4*m - 0*m - 44, 0 = 5*m - 2*u - 37. Calculate the greatest common divisor of m and 24.
3
Let n(l) = 2*l - 62. Let o be n(32). Suppose o = -2*p, j - 8 = -5*p + 2. Let f be 1/2*(-60)/(-2). Calculate the greatest common divisor of j and f.
15
Suppose -2*w = -0*w - 118. Suppose 4*f + 11 = w. Let c(o) = 328*o + 78726. Let b be c(-240). What is the highest common divisor of f and b?
6
Let y = -9 - -7. Let q be (-1)/y*0 - -49. Let f(s) = -s**3 - s**2 + 17*s + 40. Let v be f(-3). What is the greatest common factor of v and q?
7
Let y = -21762 - -34644. What is the greatest common divisor of 114 and y?
114
Let k be (2/(-12)*-3)/((-1)/12). Let j be (-4)/k*(3 - 12/8). What is the highest common divisor of 3 and j?
1
Suppose -3*w + 4*q + 321 = 0, -4*w + 4*q + 220 + 208 = 0. Suppose 15 = -23*h + w. Calculate the highest common divisor of 31 and h.
1
Let b = -403 - -731. Let u = 343 - b. Let q(c) = -c + 12. Let m be q(6). What is the greatest common divisor of m and u?
3
Let x(c) = c**2 + 2*c + 14. Let f be x(-5). What is the greatest common divisor of 4321 and f?
29
Let w(m) = -14*m + 6. Suppose 0*v + v = 0, y - 8 = -2*v. Suppose 10*f + y = 6*f. Let z be w(f). What is the highest common factor of 68 and z?
34
Let f(y) = -87*y**3 - 2*y**2 + 29*y + 85. Let m be f(-3). Calculate the highest common factor of m and 51.
17
Suppose -i + 5*v = -47, 19 + 30 = 2*i + 5*v. Let j be 36/234 + (-450)/(-117). Calculate the greatest common factor of j and i.
4
Let x be 1*((-12)/(-30) + (-2)/5). Let d be x*(-3)/3*-1. Suppose d = -3*t - 4*h + 177, t - 4*h = -4*t + 327. Calculate the highest common divisor of 7 and t.
7
Suppose 0 = 4*f + 20, 92*f - 475 = -2*r + 97*f. What is the highest common divisor of r and 600?
75
Let h = -14683 - -14763. Calculate the highest common divisor of h and 9488.
16
Let d(c) = -9*c - 104. Let p(o) = 17*o + 207. Let l(h) = 5*d(h) + 2*p(h). Let b be l(-34). What is the highest common divisor of b and 67?
67
Let x be (18/(-12))/((-6)/4). Let z = 33 - 32. Let t be (z - 4)/((-3)/5). What is the highest common factor of t and x?
1
Let f = -458 + 665. Suppose 43*b - 73 - 916 = 0. Calculate the greatest common divisor of f and b.
23
Let i be (122/(-6) + -2 + 7)/((-44)/660). What is the greatest common factor of i and 71070?
230
Suppose 15510 = 547*a - 77*a. What is the greatest common factor of 201 and a?
3
Let q(z) = -z**3 + 75*z**2 - 100*z + 502. Let n be q(73). Calculate the highest common divisor of 30 and n.
10
Let d be (9/15)/(15/125). Suppose u = -4*h + 1841, 5*u = d*h - 0*u - 2295. Calculate the highest common factor of 46 and h.
46
Let p be (-16 + 21)*(4 - -2). Suppose 7*z - p = z. Suppose 3*c - 55 = -z*y, -5*c + 4*c = -4*y + 27. What is the greatest common divisor of y and 6?
2
Let j(x) = -x**3 + 30*x**2 - 38*x + 1539. Let s be j(27). Calculate the greatest common divisor of s and 216.
108
Let u be (-34)/9 + (-36)/162 + 26. Suppose 0 = -2*z + u*z - 7400. What is the greatest common divisor of z and 74?
74
Let n be 2 + (-487)/(-1) - -3. Suppose 5*o + 4*x - n = -0*x, x + 102 = o. Let k be (-2)/((-10)/((-5)/(-1)))*25. What is the highest common factor of k and o?
25
Let k be 45/3*(17 + -15)*51/30. Calculate the greatest common factor of 339 and k.
3
Let d(l) = -l**3 - 2*l**2 - l - 2. Let b be d(-6). Suppose 4*s - b = -44. Suppose -1411 = -33*g - 124. What is the greatest common divisor of g and s?
13
Suppose 3 = u, -2*u + 16308 = 3*a - 6*u. What is the highest common divisor of a and 16?
16
Let a be (1/2)/(4 + (-4605)/1150). Let t = -75 - a. What is the highest common divisor of t and 340?
20
Let s(y) = -y**3 - 2*y**2 + 8*y - 11. Let a be s(-5). Suppose -11*x + 178 - a = 0. What is the highest common divisor of x and 21?
7
Let r(h) = 84*h**2 - 3*h + 3. Let q be r(2). Let v = -29 - -65. Let s be 148/6*v/24. Calculate the highest common factor of q and s.
37
